{"id":163,"date":"2021-06-14T10:43:23","date_gmt":"2021-06-14T10:43:23","guid":{"rendered":"http:\/\/pflegedienst-lenk.freshmediacompany.de\/?page_id=163"},"modified":"2022-03-22T14:34:43","modified_gmt":"2022-03-22T14:34:43","slug":"pflegeleidbild","status":"publish","type":"page","link":"https:\/\/kleinerpflegedienst.de\/?page_id=163","title":{"rendered":"Pflegeleitbild"},"content":{"rendered":"\t\t<div data-elementor-type=\"wp-page\" data-elementor-id=\"163\" class=\"elementor elementor-163\">\n\t\t\t\t\t\t<section class=\"elementor-section elementor-top-section elementor-element elementor-element-4802ed1 elementor-section-boxed elementor-section-height-default elementor-section-height-default\" data-id=\"4802ed1\" data-element_type=\"section\" data-e-type=\"section\">\n\t\t\t\t\t\t<div class=\"elementor-container elementor-column-gap-default\">\n\t\t\t\t\t<div class=\"elementor-column elementor-col-100 elementor-top-column elementor-element elementor-element-0adb8be\" data-id=\"0adb8be\" data-element_type=\"column\" data-e-type=\"column\">\n\t\t\t<div class=\"elementor-widget-wrap elementor-element-populated\">\n\t\t\t\t\t\t<div class=\"elementor-element elementor-element-3e9106f elementor-widget elementor-widget-text-editor\" data-id=\"3e9106f\" data-element_type=\"widget\" data-e-type=\"widget\" data-widget_type=\"text-editor.default\">\n\t\t\t\t<div class=\"elementor-widget-container\">\n\t\t\t\t\t\t\t\t\t<h1><strong>Unser Pflegeleitbild<\/strong><\/h1><p>Die Grundlage unseres Pflegeverst\u00e4ndnisses bedeutet f\u00fcr uns ganzzeitliche Versorgung der Kunden, unter Einbeziehung aller vorhandenen Ressourcen und Probleme, der pers\u00f6nlichen und biografischen Besonderheiten in der h\u00e4uslichen Umgebung. Dabei lehnen wir uns an das Modell von Monika Krohwinkel und ber\u00fccksichtigen alle AEDLs bei der Gestaltung der Pflege.<\/p><p>Die Erhaltung und Wiederherstellung der Unabh\u00e4ngigkeit im h\u00e4uslichen Bereich der Kunden sehen wir als einer der wichtigsten Aufgaben an und steht im Mittelpunkt unserer Arbeit. Dabei spielen unterschiedliche kulturelle, politische, religi\u00f6se und geschlechtliche Hintergr\u00fcnde keine Rolle. Kompetentes, fachliches Handeln und Verl\u00e4sslichkeit,\u00a0 gew\u00e4hrleistet durch Bezugspflege, Fort,- und Weiterbildungen der Mitarbeiter, sind unumg\u00e4nglich um den Bed\u00fcrfnissen jedes einzelnen Kunden gerecht zu werden. Deshalb legen wir gro\u00dfen Wert auf sehr gute Zusammenarbeit mit behandelnden \u00c4rzten und \u00fcbrigen Therapeuten und bieten ein breites Feld an Angeboten sowie Kooperationen mit anderen Firmen und Dienstleistungen. Wir verpflichten uns zur Wirtschaftlichkeit und gehen mit unseren bereitgestellten Ressourcen rationell um, welche eine optimale Rundumbetreuung nicht beeinflusst.<\/p><p>Erfolgreiche Pflege basiert auf Vertrauen und ist f\u00fcr uns ein Instrument der Kommunikation. Somit ist aktives Mitbestimmen der Kunden als auch die Einbeziehung von Angeh\u00f6rigen unverzichtbar. Dies schafft eine positive Atmosph\u00e4re so dass sich der Kunde wohl f\u00fchlt. Zusammenarbeit, effiziente Teamarbeit, motivierende Arbeitsbedingungen eines jeden Mitarbeiters, spielen in unserem Unternehmen eine sehr wichtige Rolle.<\/p>\t\t\t\t\t\t\t\t<\/div>\n\t\t\t\t<\/div>\n\t\t\t\t\t<\/div>\n\t\t<\/div>\n\t\t\t\t\t<\/div>\n\t\t<\/section>\n\t\t\t\t<section class=\"elementor-section elementor-top-section elementor-element elementor-element-60e0b47 elementor-section-boxed elementor-section-height-default elementor-section-height-default\" data-id=\"60e0b47\" data-element_type=\"section\" data-e-type=\"section\">\n\t\t\t\t\t\t<div class=\"elementor-container elementor-column-gap-default\">\n\t\t\t\t\t<div class=\"elementor-column elementor-col-100 elementor-top-column elementor-element elementor-element-7501bee\" data-id=\"7501bee\" data-element_type=\"column\" data-e-type=\"column\">\n\t\t\t<div class=\"elementor-widget-wrap elementor-element-populated\">\n\t\t\t\t\t\t<div class=\"elementor-element elementor-element-6d0e28f elementor-widget elementor-widget-image\" data-id=\"6d0e28f\" data-element_type=\"widget\" data-e-type=\"widget\" data-widget_type=\"image.default\">\n\t\t\t\t<div class=\"elementor-widget-container\">\n\t\t\t\t\t\t\t\t\t\t\t\t\t\t\t<img fetchpriority=\"high\" decoding=\"async\" width=\"1024\" height=\"154\" src=\"https:\/\/kleinerpflegedienst.de\/wp-content\/uploads\/2021\/06\/bild-pflege-14.06-1024x154.png\" class=\"attachment-large size-large wp-image-116\" alt=\"\" srcset=\"https:\/\/kleinerpflegedienst.de\/wp-content\/uploads\/2021\/06\/bild-pflege-14.06-1024x154.png 1024w, https:\/\/kleinerpflegedienst.de\/wp-content\/uploads\/2021\/06\/bild-pflege-14.06-300x45.png 300w, https:\/\/kleinerpflegedienst.de\/wp-content\/uploads\/2021\/06\/bild-pflege-14.06-768x115.png 768w, https:\/\/kleinerpflegedienst.de\/wp-content\/uploads\/2021\/06\/bild-pflege-14.06-800x120.png 800w, https:\/\/kleinerpflegedienst.de\/wp-content\/uploads\/2021\/06\/bild-pflege-14.06.png 1100w\" sizes=\"(max-width: 1024px) 100vw, 1024px\" \/>\t\t\t\t\t\t\t\t\t\t\t\t\t\t\t<\/div>\n\t\t\t\t<\/div>\n\t\t\t\t\t<\/div>\n\t\t<\/div>\n\t\t\t\t\t<\/div>\n\t\t<\/section>\n\t\t\t\t<\/div>\n\t\t","protected":false},"excerpt":{"rendered":"<p>Unser Pflegeleitbild Die Grundlage unseres Pflegeverst\u00e4ndnisses bedeutet f\u00fcr uns ganzzeitliche Versorgung der Kunden, unter Einbeziehung aller vorhandenen Ressourcen und Probleme, der pers\u00f6nlichen und biografischen Besonderheiten in der h\u00e4uslichen Umgebung. Dabei lehnen wir uns an das Modell von Monika Krohwinkel und ber\u00fccksichtigen alle AEDLs bei der Gestaltung der Pflege. Die Erhaltung und Wiederherstellung der Unabh\u00e4ngigkeit im h\u00e4uslichen Bereich der Kunden sehen<\/p>\n<p><a class=\"more-link\" href=\"https:\/\/kleinerpflegedienst.de\/?page_id=163\">Weiterlesen<\/a><\/p>\n","protected":false},"author":8,"featured_media":0,"parent":0,"menu_order":0,"comment_status":"closed","ping_status":"closed","template":"","meta":{"footnotes":""},"class_list":["post-163","page","type-page","status-publish","hentry"],"_links":{"self":[{"href":"https:\/\/kleinerpflegedienst.de\/index.php?rest_route=\/wp\/v2\/pages\/163","targetHints":{"allow":["GET"]}}],"collection":[{"href":"https:\/\/kleinerpflegedienst.de\/index.php?rest_route=\/wp\/v2\/pages"}],"about":[{"href":"https:\/\/kleinerpflegedienst.de\/index.php?rest_route=\/wp\/v2\/types\/page"}],"author":[{"embeddable":true,"href":"https:\/\/kleinerpflegedienst.de\/index.php?rest_route=\/wp\/v2\/users\/8"}],"replies":[{"embeddable":true,"href":"https:\/\/kleinerpflegedienst.de\/index.php?rest_route=%2Fwp%2Fv2%2Fcomments&post=163"}],"version-history":[{"count":21,"href":"https:\/\/kleinerpflegedienst.de\/index.php?rest_route=\/wp\/v2\/pages\/163\/revisions"}],"predecessor-version":[{"id":506,"href":"https:\/\/kleinerpflegedienst.de\/index.php?rest_route=\/wp\/v2\/pages\/163\/revisions\/506"}],"wp:attachment":[{"href":"https:\/\/kleinerpflegedienst.de\/index.php?rest_route=%2Fwp%2Fv2%2Fmedia&parent=163"}],"curies":[{"name":"wp","href":"https:\/\/api.w.org\/{rel}","templated":true}]}}